) = 2*u**3 + 19*u**2 + 9*u - 6. What is q(-9)?
-6
Let i(o) = -o + 2. Determine i(6).
-4
Let x(z) = -z**2 - 31*z + 30. Calculate x(-32).
-2
Let n(x) = -46*x + 16. Determine n(0).
16
Let z(i) = -i**3 - 8*i**2 - i - 4. Determine z(-8).
4
Let m(s) = -2*s**2 - 14*s + 2. Give m(-7).
2
Let q(d) = 5*d + 9. Calculate q(-3).
-6
Let y(s) = 2*s**3 - 9*s**2 - 6*s - 1. Give y(5).
-6
Let o(y) = 3*y - 6. Give o(-4).
-18
Let m(s) = s**3 - 3*s**2 - s - 36. Determine m(5).
9
Let u(y) = -y**3 + 7*y**2 - 8*y + 6. Give u(6).
-6
Let n(f) = -f**3 + 4*f - 2. Calculate n(3).
-17
Let n(h) = -12*h - 59. Determine n(-5).
1
Let j(w) = 3*w**2 + 2*w + 3. Give j(-2).
11
Let z(m) = 25*m - 41. Determine z(5).
84
Let k(w) = w - 10. Determine k(8).
-2
Let c(t) = -t + 2. Determine c(1).
1
Let j(g) = -2*g**2 - 4*g - 1. What is j(-3)?
-7
Let q(v) = v**2 + 10*v + 19. Determine q(-6).
-5
Let w(l) = -l**3 + 8*l**2 - 10*l - 15. What is w(6)?
-3
Let i(t) = -7*t + 8. Determine i(-1).
15
Let h(d) = -d**2 - 2*d - 4. What is h(-6)?
-28
Let u(j) = -15*j + 55. Determine u(-4).
115
Let o(q) = -q**2 + 16*q - 45. What is o(13)?
-6
Let w(t) = t**3 - 9*t**2 - 22*t + 11. Calculate w(11).
11
Let x(y) = y**3 + y**2 - 2*y - 4. What is x(0)?
-4
Let i(n) = -13*n**3 - n**2 + 3*n - 2. What is i(1)?
-13
Let s(m) = m**2 - 14*m + 27. Determine s(9).
-18
Let x(s) = s**3 + s**2 - 3*s - 7. Calculate x(-2).
-5
Let g(a) = -a**3 - 18*a**2 + 19*a - 2. Give g(-19).
-2
Let n(g) = -6*g - 26. Give n(-3).
-8
Let o(s) = 11*s + 28. What is o(-3)?
-5
Let d(w) = -w**3 - 8*w**2 - 8*w - 10. Give d(-7).
-3
Let g(w) = w**2 - 3*w + 10. Calculate g(-6).
64
Let f(a) = 6*a + 87. What is f(-16)?
-9
Let p(h) = -41*h + 3. Calculate p(-1).
44
Let x(u) = -u**2 + 19*u + 32. Determine x(18).
50
Let u(r) = 78*r**3 + 2*r + 1. What is u(-1)?
-79
Let f(g) = -g**2 - 18*g - 35. Determine f(-18).
-35
Let y(x) = -x**3 + x**2 - 3*x + 3. Calculate y(4).
-57
Let y(m) = -m - 13. Determine y(0).
-13
Let o(s) = -5*s + 3. Determine o(2).
-7
Let g(i) = 10*i + 24. Give g(-5).
-26
Let z(i) = 18*i**2 - 7*i + 9. What is z(2)?
67
Let o(m) = -3*m + 6. Give o(12).
-30
Let b(w) = 69*w - 546. Give b(8).
6
Let q(v) = -5*v**2 + 8*v + 11. Determine q(5).
-74
Let v(i) = i**2 + 5*i + 6. Give v(-7).
20
Let o(d) = -d**3 + 9*d**2 - 8*d - 7. Give o(8).
-7
Let p(u) = -9*u - 210. Calculate p(-24).
6
Let j(x) = -x + 5. Calculate j(12).
-7
Let w(k) = 27*k + 4. Determine w(-1).
-23
Let x(p) = 41*p**2 - 34*p + 1. Give x(1).
8
Let g(r) = r**2 + 12*r + 11. Determine g(-12).
11
Let s(a) = a**3 - 4*a**2 - 6*a - 6. What is s(5)?
-11
Let t(y) = -y**2 + 5*y + 2. Determine t(9).
-34
Let g(m) = -m**2 - 8*m - 12. Give g(-12).
-60
Let t(k) = k**3 + 3*k**2 - 3*k. Give t(2).
14
Let t(y) = -6*y - 15. Determine t(-4).
9
Let w(q) = -q**3 + 3*q**2 + 68*q - 11. Give w(-7).
3
Let n(c) = -c**2 - 5*c + 4. Calculate n(-5).
4
Let a(i) = -7*i**2 + 16*i - 27. What is a(2)?
-23
Let l(o) = 3*o**3 - 9*o**2 - 7*o - 4. What is l(4)?
16
Let r(p) = -5*p**3 - p**2 - p - 2. What is r(2)?
-48
Let b(d) = -d**2 - 7*d - 10. Give b(-5).
0
Let n(j) = 19*j - 127. What is n(7)?
6
Let h(x) = -3*x - 58. Determine h(-16).
-10
Let z(a) = 6*a**3 - a**2 - 2*a - 1. Calculate z(-1).
-6
Let f(j) = j**3 + 4*j**2 - 5*j. Determine f(-5).
0
Let q(g) = 2*g - 6. Determine q(-7).
-20
Let c(b) = -2*b**2 - 16*b - 22. What is c(-7)?
-8
Let n(q) = q**2 - 7*q + 7. Calculate n(7).
7
Let o(v) = v**2 - 14*v - 81. Give o(18).
-9
Let o(i) = -i**3 + 3*i**2 - 2*i + 3. Calculate o(3).
-3
Let o(z) = 2*z + 6. What is o(-7)?
-8
Let v(q) = 39*q + 1. Calculate v(-1).
-38
Let a(t) = t**2 + 8*t - 2. Determine a(-9).
7
Let c(b) = -b + 14. What is c(11)?
3
Let d(g) = -18*g - 7. Determine d(5).
-97
Let h(c) = 174*c - 1050. Determine h(6).
-6
Let i(g) = g**2 - 9*g - 4. Calculate i(5).
-24
Let q(t) = t**3 - 7*t**2 + 7*t + 2. What is q(5)?
-13
Let w(z) = z**3 + 8*z**2 + 9*z + 15. What is w(-7)?
1
Let t(g) = 76*g**2 - g - 3. Determine t(-1).
74
Let n(v) = v**3 + 8*v**2 + 17*v + 3. What is n(-3)?
-3
Let n(p) = -6*p + 10. What is n(2)?
-2
Let v(n) = -n**3 - 7*n**2 - 9*n - 5. What is v(-5)?
-10
Let j(s) = -2*s**3 + 46*s**2 + 3*s - 53. Calculate j(23).
16
Let q(y) = y + 93. Determine q(-23).
70
Let s(b) = -b**2 - 6*b + 86. Calculate s(7).
-5
Let d(o) = -7*o - 1. Give d(-1).
6
Let j(s) = -33*s - 84. Calculate j(-6).
114
Let g(w) = 15*w - 6. Give g(2).
24
Let z(x) = -2*x - 16. What is z(-7)?
-2
Let x(n) = 2*n**2 - 3. Calculate x(5).
47
Let l(h) = -2*h**3 - 2*h**2 + 2*h. Calculate l(-2).
4
Let i(u) = u**3 - 19*u**2 + 20*u - 38. What is i(18)?
-2
Let o(h) = -2*h - 11. Determine o(-12).
13
Let t(p) = p**2 + 10*p + 3. Determine t(-8).
-13
Let c(t) = 2*t**3 - 3*t**2 - 4*t - 1. What is c(-1)?
-2
Let r(x) = -x**2 - 21*x - 11. Determine r(-19).
27
Let s(w) = -w**2 + 16*w + 36. Calculate s(18).
0
Let l(k) = -k**3 - 8*k**2 + 8*k + 8. Determine l(-7).
-97
Let c(l) = 2*l**3 - 17*l**2 - 34*l + 20. Calculate c(10).
-20
Let a(p) = -p**3 - 13*p**2 - 15*p - 10. Calculate a(-12).
26
Let u(j) = -j**3 - 5*j**2 + 19*j + 65. Calculate u(-6).
-13
Let t(y) = y**3 + 2*y**2 - 7*y - 5. Give t(-4).
-9
Let o(n) = -2*n + 3. Determine o(-3).
9
Let h(g) = g**2 - 8*g + 24. What is h(15)?
129
Let r(v) = -v**2 + 16*v + 9. Give r(17).
-8
Let i(b) = 2*b + 8. Determine i(-8).
-8
Let j(g) = -g**2 - 10*g - 13. Calculate j(-10).
-13
Let o(m) = -2*m**3 - 14*m**2 - 15*m - 9. Give o(-6).
9
Let z(s) = 3*s - 1. Calculate z(1).
2
Let p(j) = -3*j**2 + 65*j - 36. Give p(21).
6
Let l(k) = 6*k - 6. Determine l(5).
24
Let z(o) = 15*o. Give z(4).
60
Let t(g) = g**3 + 8*g**2 + 16*g - 9. What is t(-4)?
-9
Let k(d) = 23*d**2 - 2*d + 1. What is k(1)?
22
Let k(p) = -13*p + 1. Determine k(2).
-25
Let f(h) = -h**2 + 5*h + 7. Give f(7).
-7
Let f(s) = s. Determine f(-9).
-9
Let s(a) = 2*a**2 + 3*a + 1. Determine s(-2).
3
Let y(k) = 8*k + 294. What is y(-35)?
14
Let y(n) = 74*n + 6. Calculate y(0).
6
Let h(f) = -f**3 - 2*f**2 - 13*f - 92. Calculate h(-5).
48
Let f(h) = h - 6. Calculate f(-5).
-11
Let d(u) = u**3 + 14*u**2 - 2*u - 15. Calculate d(-14).
13
Let y(c) = 2*c**3 - 17*c**2 - 9*c + 7. Give y(9).
7
Let b(x) = 2*x**3 + 21*x**2 + 10*x - 19. Calculate b(-10).
-19
Let v(g) = -7*g - 5. Give v(-2).
9
Let y(k) = -k - 5. What is y(24)?
-29
Let u(p) = p**2 - 12*p + 9. Calculate u(9).
-18
Let m(a) = -a**3 - 3*a**2 + 10*a + 14. Determine m(-6).
62
Let t(b) = 5*b**3 - b**2. What is t(1)?
4
Let j(f) = f**3 + 5*f**2 - 4*f + 2. Give j(-6).
-10
Let c(d) = 14*d - 8. Determine c(0).
-8
Let s(c) = c**3 + 22*c**2 - 25*c + 19. What is s(-23)?
65
Let l(v) = 2*v**2 - 32*v - 39. What is l(17)?
-5
Let i(u) = 3*u**2 - 9*u - 4. Determine i(4).
8
Let v(i) = 2*i**3 + 5*i**2 + 3*i - 2. Determine v(-3).
-20
Let o(n) = -n**3 - 7*n**2 - 6*n - 5. Give o(-6).
-5
Let u(o) = o**3 + 22*o**2 + 10*o + 6. What is u(-22)?
-214
Let x(k) = -8*k - 227. What is x(-29)?
5
Let g(r) = -r**3 + 17*r**2 - r + 17. What is g(17)?
0
Let c(p) = p**3 - 12*p**2 + 9*p - 3. Determine c(11).
-25
Let i(s) = -s**3 - 37*s**2 - 43*s - 260. Give i(-36).
-8
Let c(l) = l**3 + 12*l**2 + 10. What is c(-12)?
10
Let o(k) = 3*k - 61. Give o(22).
5
Let l(n) = 10*n**2 + 35*n - 5. What is l(-4)?
15
Let u(o) = -13*o**2 + 2*o - 2. Determine u(3).
-113
Let i(u) = u**2 + 10*u + 2. What is i(-7)?
-19
Let q(c) = -c**2 - 5*c + 14. Determine q(-10).
-36
Let n(u) = u + 3. What is n(-4)?
-1
Let x(o) = 4*o - 43. What is x(17)?
25
Let v(u) = -u**3 - 2*u**2 + 5*u + 2. Calculate v(-3).
-4
Let d(x) = 12*x + 4. Give d(4).
52
Let r(b) = -b**2 + 26*b - 32. What is r(26)?
-32
Let i(a) = 2*a**3 + 22*a**2 - 21*a + 22. What is i(-12)?
-14
Let d(m) = 9*m + 9. Give d(4).
45
Let n(m) = -m**3 - 8*m**2 + 3*m - 2. What is n(-8)?
-26
Let r(z) = z**2 + 3*z - 6. What is r(-5)?
4
Let q(p) = p**2 - 38*p - 24. Determine q(39).
15
Let g(h) = h**2 - 33*h - 855. Calculate g(-17).
-5
Let n(y) = -5*y**2 + 53*y + 15. What is n(11)?
-7
Let w(h) = -h**2 + 16*h + 1. Give w(15).
16
Let n(d) = -d**2 + d + 15. What is n(5)?
-5
Let p(x) = 4*x + 211. Determine p(-53).
-1
Let f(m) = 14*m + 100. What is f(-7)?
2
Let l(k) = -2*k**2 - 9*k - 4. Give l(-4).
0
Let d(l) = l**2 + 11*l - 16. Give d(-13).
10
Let v(j) = -2*j**2 - 16*j - 32. Determine v(-3).
-2
Let o(x) = -8*x - 14. Determine o(-7).
42
Let s(j) = 10*j**2 + 1. Calculate s(2).
41
Let w(b